{"id":2055,"date":"2020-03-27T10:33:17","date_gmt":"2020-03-27T09:33:17","guid":{"rendered":"http:\/\/grundschule-cadenberge.de\/?page_id=2055"},"modified":"2020-03-31T08:38:20","modified_gmt":"2020-03-31T06:38:20","slug":"sportveranstaltungen","status":"publish","type":"page","link":"http:\/\/grundschule-cadenberge.de\/index.php\/schulleben\/sportveranstaltungen\/","title":{"rendered":"Sportveranstaltungen"},"content":{"rendered":"<p><u>Winterolympiade<\/u><\/p>\n<p>Die Winterolympiade findet alle zwei Jahre schulintern f\u00fcr alle Jahrg\u00e4nge der Schule statt. Bei der Winterolympiade geht es weniger um einen Wettkampf, sondern es steht der Spa\u00df an der Bewegung im Vordergrund. Im Laufe eines Vormittags meistern die Kinder verschiedene \u201ewintersportliche\u201c Stationen wie das Schneeballwerfen, Eisschnelllauf, die Gletscherspalte oder die Skisprungpiste. Ein gro\u00dfer Spa\u00df f\u00fcr alle ist auch immer der Wettlauf mit Rollbrett und Langlaufski bei dem die Sch\u00fclerinnen und Sch\u00fcler gegen ihre Lehrinnen und Lehrer antreten d\u00fcrfen.<\/p>\n<p>&nbsp;<\/p>\n<p><u>Alternative Bundesjugendspiele<\/u><\/p>\n<p>Anstelle der \u201eklassischen\u201c Bundesjugendspiele finden alle vier Jahre an unserer Schule f\u00fcr alle Klassenstufen die alternativen Bundesjugendspiele statt, bei denen die altbekannten Disziplinen durch Zonensprung, Zonenweitwurf \u00fcber ein Fu\u00dfballtor, Bananenkisten H\u00fcrdensprint und einen Transportlauf ersetzt werden. F\u00fcr die geleisteten sportlichen Pr\u00fcfungen erh\u00e4lt jedes Kind eine Urkunde.<\/p>\n<p>&nbsp;<\/p>\n<p><u>Sportabzeichen<\/u><\/p>\n<p>In jedem Sommer nehmen die Sch\u00fclerinnen und Sch\u00fcler unserer Schule am Sportabzeichen teil, welches in Kooperation mit unserem Sportverein Germania Cadenberge stattfindet. Auf unsrem Sportplatz absolvieren die Kinder aller Jahrg\u00e4nge verschiedene Disziplinen wie den Weitsprung, Schlagballwurf, Sprint und Mittelstreckenlauf, wobei sie ihre Koordinationsf\u00e4higkeit, Kraft, Schnelligkeit und Ausdauer unter Beweis stellen k\u00f6nnen. Dies wurde nat\u00fcrlich zuvor im Sportunterricht trainiert. Nach bestandener Pr\u00fcfung erhalten die Sportlerinnen und Sportler ihr wohlverdientes Bronze-, Silber- oder Goldabzeichen.<\/p>\n<p>&nbsp;<\/p>\n<p><u>Mattenhandballturnier<\/u><\/p>\n<p>J\u00e4hrlich richtet der Landkreis Cuxhaven ein Mattenhandballturnier aus, an dem nach einem vorherigen schulinternen Auswahlspiel auch eine der 4. Klassen unserer Schule teilnimmt. Ausgerichtet wird das Turnier abwechselnd von den teilnehmenden Schulen, findet aber auch h\u00e4ufig aufgrund unserer guten Sporthallensituation hier in Cadenberge statt. Zum Mattenhandball gibt es f\u00fcr die 4. Klassen zuvor eine extra Unterrichtseinheit sowie auch die M\u00f6glichkeit in einer zus\u00e4tzlichen Arbeitsgemeinschaft daf\u00fcr zu trainieren, so dass unsere Mannschaft gut vorbereitet bei dem Turnier antreten kann.<\/p>\n<p>&nbsp;<\/p>\n<p><u>Triathlon<\/u><\/p>\n<p>Alle zwei Jahre findet \u00fcber den Landkreis Cuxhaven auf dem Gel\u00e4nde des Hallen- und Freibades Wingst der \u201ego sports triathlon\u201c statt an dem auch unsere 2., 3. und 4. Klassen teilnehmen. Hierbei treten die Kinder in den Disziplinen Schwimmen, Radfahren und Laufen -gestaffelt nach Jahrgangsstufen- an. Am Nachmittag gibt es dann einen Staffellauf f\u00fcr jede der bereits zuvor angetretenen Klassenstufen und zus\u00e4tzlich eine Lehrerstaffel. Auf alle sportlichen Bereiche werden die Kinder sowohl im Sport- und Schwimmunterricht als auch in den AGs unserer Schule gezielt vorbereitet. Begleitet wird die gesamte Veranstaltung immer durch ein buntes Rahmenprogramm, so dass es f\u00fcr alle ein sch\u00f6ner und abwechslungsreicher Tag mit Sport und Spa\u00df wird.<\/p>\n<p>&nbsp;<\/p>\n<p><u>Kreisschulmeisterschaften<\/u><\/p>\n<p>Im Zweijahresrhythmus richtet der Landkreis Cuxhaven f\u00fcr die 3. und 4. Klassen die Kreisschulmeisterschaften \u2013 Leichtathletik aus, an denen unsere Sch\u00fclerinnen und Sch\u00fcler ebenfalls teilnehmen. Diese Veranstaltung findet abwechselnd an verschiedenen Schulen des Landkreises statt. Bei der Kreisschulmeisterschaft steht die Klasse als Gemeinschaft im Vordergrund. Die Wettk\u00e4mpfe bestehen aus einem Klassen-Staffellauf und dem alternativen Klassenmehrkampf, der sich wiederum in 7 Disziplinen gliedert: Begegnungsstaffel, Sprungstaffel, Zielspringen, Biathlon, Wasserslalom, Zielwerfen und die Hindernisstaffel. Diese Disziplinen sind so gestaffelt, dass sie ganz unterschiedliche Kompetenzbereiche ansprechen, die f\u00fcr die Bew\u00e4ltigung der \u00dcbungen wichtig sind, hierzu z\u00e4hlen beispielsweise die F\u00f6rderung der Sprungkoordination und Sprungkraft, Selbsteinsch\u00e4tzung, Laufen und Geschicklichkeit, gezieltes Werfen und koordinative F\u00e4higkeiten. So k\u00f6nnen die Kinder ihre unterschiedlichen St\u00e4rken f\u00fcr das Gesamtergebnis der Klasse ausspielen.<\/p>\n<p>&nbsp;<\/p>\n<p><u>Schwimmfest<\/u><\/p>\n<p>Im olympischen Rhythmus wird durch die Schulen der Samtgemeinde Hadeln das Schwimmfest ausgerichtet. Teilnehmende Schulen sind hier die GS Wingst, GS Neuhaus und nat\u00fcrlich die GS Cadenberge. Alle 2. bis 4. Klassen werden im Schwimmunterricht intensiv auf das Ereignis vorbereitet und d\u00fcrfen beim Schwimmfest an verschiedenen Stationen ihr K\u00f6nnen unter Beweis stellen. Die Disziplinen sind eine sch\u00f6ne Mischung aus klassischem Zeitschwimmen und Wasserspr\u00fcngen aber auch spielerisch organisierten Einheiten wie beispielsweise der T-Shirt- und W\u00e4scheklammerstaffel und einer Schatzsuche.\u00a0 Als sch\u00f6ne Auszeichnung erh\u00e4lt jedes Kind eine Teilnehmer-Urkunde.<\/p>\n<p>&nbsp;<\/p>\n<p><u>K\u00fcstenmarathon<\/u><\/p>\n<p>Immer im September findet an einem Sonntag in Otterndorf der auch \u00fcberregional beliebte K\u00fcstenmarathon statt. Auch die Grundschule Cadenberge ist allj\u00e4hrlich bei diesem gro\u00dfen Event mit den Sch\u00fclerinnen und Sch\u00fclern aller Klassenstufen vertreten. In Hinblick auf den K\u00fcstenmarathon organisiert unsere Schule freiwillige Lauf-Trainingsgruppen, in denen die Kinder \u00fcber viele Woche hinweg gezielt, aber auch mit viel Spa\u00df auf diese Veranstaltung vorbereitet werden. Die kleinen Sportlerinnen und Sportler haben die M\u00f6glichkeit an verschiedenen L\u00e4ufen \u00fcber 1km oder 2km teilzunehmen.<\/p>\n","protected":false},"excerpt":{"rendered":"<p>Winterolympiade Die Winterolympiade findet alle zwei Jahre schulintern f\u00fcr alle Jahrg\u00e4nge der Schule statt. Bei der Winterolympiade geht es weniger um einen Wettkampf, sondern es steht der Spa\u00df an der Bewegung im Vordergrund. Im Laufe eines Vormittags meistern die Kinder verschiedene \u201ewintersportliche\u201c Stationen wie das Schneeballwerfen, Eisschnelllauf, die Gletscherspalte oder die Skisprungpiste. Ein gro\u00dfer Spa\u00df<br \/><a class=\"moretag\" href=\"http:\/\/grundschule-cadenberge.de\/index.php\/schulleben\/sportveranstaltungen\/\">+ Read More<\/a><\/p>\n","protected":false},"author":3,"featured_media":0,"parent":14,"menu_order":0,"comment_status":"closed","ping_status":"closed","template":"","meta":{"footnotes":""},"_links":{"self":[{"href":"http:\/\/grundschule-cadenberge.de\/index.php\/wp-json\/wp\/v2\/pages\/2055"}],"collection":[{"href":"http:\/\/grundschule-cadenberge.de\/index.php\/wp-json\/wp\/v2\/pages"}],"about":[{"href":"http:\/\/grundschule-cadenberge.de\/index.php\/wp-json\/wp\/v2\/types\/page"}],"author":[{"embeddable":true,"href":"http:\/\/grundschule-cadenberge.de\/index.php\/wp-json\/wp\/v2\/users\/3"}],"replies":[{"embeddable":true,"href":"http:\/\/grundschule-cadenberge.de\/index.php\/wp-json\/wp\/v2\/comments?post=2055"}],"version-history":[{"count":2,"href":"http:\/\/grundschule-cadenberge.de\/index.php\/wp-json\/wp\/v2\/pages\/2055\/revisions"}],"predecessor-version":[{"id":2071,"href":"http:\/\/grundschule-cadenberge.de\/index.php\/wp-json\/wp\/v2\/pages\/2055\/revisions\/2071"}],"up":[{"embeddable":true,"href":"http:\/\/grundschule-cadenberge.de\/index.php\/wp-json\/wp\/v2\/pages\/14"}],"wp:attachment":[{"href":"http:\/\/grundschule-cadenberge.de\/index.php\/wp-json\/wp\/v2\/media?parent=2055"}],"curies":[{"name":"wp","href":"https:\/\/api.w.org\/{rel}","templated":true}]}}