{"id":30,"date":"2017-04-21T10:36:04","date_gmt":"2017-04-21T08:36:04","guid":{"rendered":"http:\/\/grundschule-cadenberge.de\/?page_id=30"},"modified":"2025-06-03T17:21:07","modified_gmt":"2025-06-03T15:21:07","slug":"kooperationen-foerderverein","status":"publish","type":"page","link":"http:\/\/grundschule-cadenberge.de\/index.php\/wir-ueber-uns\/kooperationen-foerderverein\/","title":{"rendered":"F\u00f6rderverein"},"content":{"rendered":"<div id=\"pl-30\" class=\"panel-layout\">\n<div id=\"pg-30-0\" class=\"panel-grid panel-no-style\">\n<div id=\"pgc-30-0-0\" class=\"panel-grid-cell\" data-weight=\"1\">\n<div id=\"panel-30-0-0-0\" class=\"so-panel widget widget_sow-editor panel-first-child panel-last-child\" data-index=\"0\" data-style=\"{&quot;background_image_attachment&quot;:false,&quot;background_display&quot;:&quot;tile&quot;}\">\n<div class=\"so-widget-sow-editor so-widget-sow-editor-base\">\n<div class=\"siteorigin-widget-tinymce textwidget\">\n<h2 align=\"justify;&quot;\">F\u00f6rderverein &#8211; Neuer Vorstand<\/h2>\n<div id=\"descText0\" style=\"text-align: left;\">\n<p align=\"justify\">\n<\/div>\n<div id=\"descText0\" style=\"text-align: left;\">\n<p align=\"justify\">Die Aufgabe des F\u00f6rdervereins ist die F\u00f6rderung unterschiedlicher Projekte durch finanzielle Unterst\u00fctzung.<\/p>\n<p>Die vom Schultr\u00e4ger gestellten Mittel reichen oft nicht aus, um erforderliche Spiel- und Unterrichtsmaterialien sowie die Gestaltung von Klassenr\u00e4umen und Schulhof zu f\u00f6rdern.<\/p>\n<p>Hier hilft unser F\u00f6rderverein. In den letzten Jahren wurden viele Projekte und Anschaffungen gef\u00f6rdert, die das Lernen und Wohlf\u00fchlen unserer Sch\u00fclerinnen und Sch\u00fcler verbesserten.<\/p>\n<p>Die daf\u00fcr notwendigen Geldmittel werden aus Mitgliedsbeitr\u00e4gen und Spenden erwirtschaftet.<\/p>\n<p>Der F\u00f6rderverein kommt allen Sch\u00fclerinnen und Sch\u00fclern zugute, unabh\u00e4ngig davon ob sie durch ihre Eltern im F\u00f6rderverein vertreten sind.<\/p>\n<p>Juni 2025:<\/p>\n<p>Durch Beitr\u00e4ge des F\u00f6rdervereins konnte allen Kindern der Schule erm\u00f6glicht werden, verg\u00fcnstigt an der Zirkusprojektwoche teilzunehmen.<\/p>\n<p>Januar 2024:<\/p>\n<p>Bei der Einschulungsfeier hat der F\u00f6rderverein im Rahmen des Kaffeebuffets Spenden gesammelt, die f\u00fcr die Anschaffung neuer Spielsachen f\u00fcr die Regenpausen der ersten Klassen genutzt werden sollten. Nun sind sie endlich eingetroffen! Die Kinder haben sich sehr \u00fcber die neuen Anschaffungen gefreut.<\/p>\n<\/div>\n<hr \/>\n<p style=\"text-align: left;\" align=\"justify\">1. Vorsitzende: Frau Franziska Kapp<\/p>\n<p style=\"text-align: left;\" align=\"justify\">2. Vorsitzende: Herr Patrick Mentz<\/p>\n<p style=\"text-align: left;\" align=\"justify\">Kassenwartin: Frau Meike Stelling-Mentz<\/p>\n<p style=\"text-align: left;\" align=\"justify\">Schriftf\u00fchrer:\u00a0 Herr Tola Sch\u00e4fer<\/p>\n<p style=\"text-align: left;\" align=\"justify\">Kassenpr\u00fcfer*innen: Frau Claudia Schriefer, Herr Dominik Schmarje<\/p>\n<hr \/>\n<p style=\"text-align: left;\" align=\"justify\">Wenn Sie uns finanziell unterst\u00fctzen m\u00f6chten, so ist das folgenderma\u00dfen m\u00f6glich:<\/p>\n<p style=\"text-align: left;\">Werden Sie Mitglied! Melden Sie sich einfach bei der Klassenlehrkraft oder bei Frau Schriefer.<\/p>\n<p>Sie k\u00f6nnen auch einmalig spenden.<\/p>\n<p style=\"text-align: left;\" align=\"center\">Spenden Sie einen Betrag auf unser Vereinskonto!<\/p>\n<p style=\"text-align: left;\" align=\"center\">IBAN: DE 40 2925 0000 0193 1955 85 \/Weser-Elbe-Sparkasse<\/p>\n<\/div>\n<\/div>\n<\/div>\n<\/div>\n<\/div>\n<\/div>\n","protected":false},"excerpt":{"rendered":"<p>F\u00f6rderverein &#8211; Neuer Vorstand Die Aufgabe des F\u00f6rdervereins ist die F\u00f6rderung unterschiedlicher Projekte durch finanzielle Unterst\u00fctzung. Die vom Schultr\u00e4ger gestellten Mittel reichen oft nicht aus, um erforderliche Spiel- und Unterrichtsmaterialien sowie die Gestaltung von Klassenr\u00e4umen und Schulhof zu f\u00f6rdern. Hier hilft unser F\u00f6rderverein. In den letzten Jahren wurden viele Projekte und Anschaffungen gef\u00f6rdert, die das<br \/><a class=\"moretag\" href=\"http:\/\/grundschule-cadenberge.de\/index.php\/wir-ueber-uns\/kooperationen-foerderverein\/\">+ Read More<\/a><\/p>\n","protected":false},"author":1,"featured_media":0,"parent":4,"menu_order":3,"comment_status":"closed","ping_status":"closed","template":"","meta":{"footnotes":""},"_links":{"self":[{"href":"http:\/\/grundschule-cadenberge.de\/index.php\/wp-json\/wp\/v2\/pages\/30"}],"collection":[{"href":"http:\/\/grundschule-cadenberge.de\/index.php\/wp-json\/wp\/v2\/pages"}],"about":[{"href":"http:\/\/grundschule-cadenberge.de\/index.php\/wp-json\/wp\/v2\/types\/page"}],"author":[{"embeddable":true,"href":"http:\/\/grundschule-cadenberge.de\/index.php\/wp-json\/wp\/v2\/users\/1"}],"replies":[{"embeddable":true,"href":"http:\/\/grundschule-cadenberge.de\/index.php\/wp-json\/wp\/v2\/comments?post=30"}],"version-history":[{"count":39,"href":"http:\/\/grundschule-cadenberge.de\/index.php\/wp-json\/wp\/v2\/pages\/30\/revisions"}],"predecessor-version":[{"id":3781,"href":"http:\/\/grundschule-cadenberge.de\/index.php\/wp-json\/wp\/v2\/pages\/30\/revisions\/3781"}],"up":[{"embeddable":true,"href":"http:\/\/grundschule-cadenberge.de\/index.php\/wp-json\/wp\/v2\/pages\/4"}],"wp:attachment":[{"href":"http:\/\/grundschule-cadenberge.de\/index.php\/wp-json\/wp\/v2\/media?parent=30"}],"curies":[{"name":"wp","href":"https:\/\/api.w.org\/{rel}","templated":true}]}}